{"id":184,"date":"2017-01-30T10:52:41","date_gmt":"2017-01-30T09:52:41","guid":{"rendered":"http:\/\/elyaneguichard.com\/?page_id=184"},"modified":"2017-01-30T10:52:41","modified_gmt":"2017-01-30T09:52:41","slug":"mentions-legales","status":"publish","type":"page","link":"https:\/\/elyaneguichard.com\/index.php\/mentions-legales\/","title":{"rendered":"Mentions l\u00e9gales"},"content":{"rendered":"<p style=\"text-align: left;\">Ce site est la propri\u00e9t\u00e9 de <strong>Mme Elyane GUICHARD<\/strong><\/p>\n<p style=\"text-align: left;\">H\u00e9bergeur : <strong>OVH<\/strong><\/p>\n<p style=\"text-align: left;\"><strong>Elyane GUICHARD<\/strong><\/p>\n<p style=\"text-align: left;\">23 route de Podestat<\/p>\n<p style=\"text-align: left;\"><strong>F &#8211; 24100 BERGERAC<\/strong><\/p>\n<p style=\"text-align: left;\">SIRET : <strong>402 509 939 00011<\/strong><\/p>\n<p style=\"text-align: center;\">\n","protected":false},"excerpt":{"rendered":"<p>Ce site est la propri\u00e9t\u00e9 de Mme Elyane GUICHARD H\u00e9bergeur : OVH Elyane GUICHARD 23 route de Podestat F &#8211; 24100 BERGERAC SIRET : 402 509 939 00011<\/p>\n","protected":false},"author":1,"featured_media":0,"parent":0,"menu_order":0,"comment_status":"closed","ping_status":"closed","template":"","meta":{"footnotes":""},"class_list":["post-184","page","type-page","status-publish","hentry"],"jetpack_sharing_enabled":true,"jetpack_shortlink":"https:\/\/wp.me\/P8keLs-2Y","_links":{"self":[{"href":"https:\/\/elyaneguichard.com\/index.php\/wp-json\/wp\/v2\/pages\/184","targetHints":{"allow":["GET"]}}],"collection":[{"href":"https:\/\/elyaneguichard.com\/index.php\/wp-json\/wp\/v2\/pages"}],"about":[{"href":"https:\/\/elyaneguichard.com\/index.php\/wp-json\/wp\/v2\/types\/page"}],"author":[{"embeddable":true,"href":"https:\/\/elyaneguichard.com\/index.php\/wp-json\/wp\/v2\/users\/1"}],"replies":[{"embeddable":true,"href":"https:\/\/elyaneguichard.com\/index.php\/wp-json\/wp\/v2\/comments?post=184"}],"version-history":[{"count":1,"href":"https:\/\/elyaneguichard.com\/index.php\/wp-json\/wp\/v2\/pages\/184\/revisions"}],"predecessor-version":[{"id":185,"href":"https:\/\/elyaneguichard.com\/index.php\/wp-json\/wp\/v2\/pages\/184\/revisions\/185"}],"wp:attachment":[{"href":"https:\/\/elyaneguichard.com\/index.php\/wp-json\/wp\/v2\/media?parent=184"}],"curies":[{"name":"wp","href":"https:\/\/api.w.org\/{rel}","templated":true}]}}